he remainder when 879 is divided by 183?
147
What is the remainder when 192 is divided by 57?
21
What is the remainder when 636 is divided by 16?
12
Calculate the remainder when 1779 is divided by 81.
78
Calculate the remainder when 86 is divided by 15.
11
Calculate the remainder when 521 is divided by 196.
129
What is the remainder when 1766 is divided by 17?
15
Calculate the remainder when 244 is divided by 65.
49
What is the remainder when 180 is divided by 170?
10
Calculate the remainder when 1752 is divided by 7.
2
What is the remainder when 62 is divided by 23?
16
What is the remainder when 14550 is divided by 99?
96
What is the remainder when 5 is divided by 3?
2
What is the remainder when 638 is divided by 27?
17
Calculate the remainder when 87 is divided by 32.
23
Calculate the remainder when 413 is divided by 46.
45
Calculate the remainder when 5357 is divided by 114.
113
What is the remainder when 71 is divided by 22?
5
What is the remainder when 1391 is divided by 1385?
6
Calculate the remainder when 1062 is divided by 95.
17
What is the remainder when 4370 is divided by 74?
4
Calculate the remainder when 2581 is divided by 9.
7
Calculate the remainder when 4912 is divided by 78.
76
Calculate the remainder when 139 is divided by 20.
19
Calculate the remainder when 473 is divided by 19.
17
What is the remainder when 18587 is divided by 110?
107
What is the remainder when 701 is divided by 15?
11
Calculate the remainder when 1593 is divided by 17.
12
Calculate the remainder when 246 is divided by 176.
70
Calculate the remainder when 497 is divided by 162.
11
Calculate the remainder when 136 is divided by 3.
1
What is the remainder when 298 is divided by 23?
22
Calculate the remainder when 28864 is divided by 28.
24
Calculate the remainder when 93 is divided by 12.
9
What is the remainder when 6011 is divided by 130?
31
What is the remainder when 9553 is divided by 147?
145
Calculate the remainder when 628 is divided by 499.
129
What is the remainder when 648 is divided by 21?
18
What is the remainder when 1592 is divided by 84?
80
What is the remainder when 105 is divided by 79?
26
What is the remainder when 217 is divided by 29?
14
What is the remainder when 2447 is divided by 144?
143
What is the remainder when 588 is divided by 276?
36
Calculate the remainder when 36 is divided by 8.
4
What is the remainder when 404 is divided by 59?
50
What is the remainder when 222 is divided by 3?
0
What is the remainder when 658 is divided by 55?
53
What is the remainder when 94 is divided by 7?
3
Calculate the remainder when 373 is divided by 125.
123
Calculate the remainder when 1707 is divided by 40.
27
What is the remainder when 105 is divided by 28?
21
What is the remainder when 321 is divided by 18?
15
Calculate the remainder when 171 is divided by 20.
11
Calculate the remainder when 271 is divided by 48.
31
What is the remainder when 10601 is divided by 3531?
8
Calculate the remainder when 2 is divided by 1.
0
Calculate the remainder when 808 is divided by 137.
123
Calculate the remainder when 224 is divided by 57.
53
What is the remainder when 158 is divided by 47?
17
What is the remainder when 541 is divided by 158?
67
What is the remainder when 142 is divided by 30?
22
What is the remainder when 190 is divided by 19?
0
Calculate the remainder when 43 is divided by 31.
12
Calculate the remainder when 587 is divided by 21.
20
What is the remainder when 5455 is divided by 248?
247
What is the remainder when 28 is divided by 16?
12
What is the remainder when 1005 is divided by 112?
109
What is the remainder when 2616 is divided by 77?
75
What is the remainder when 54 is divided by 14?
12
Calculate the remainder when 765 is divided by 24.
21
What is the remainder when 285 is divided by 51?
30
Calculate the remainder when 3276 is divided by 329.
315
Calculate the remainder when 227 is divided by 33.
29
Calculate the remainder when 3181 is divided by 43.
42
What is the remainder when 639 is divided by 215?
209
Calculate the remainder when 1569 is divided by 227.
207
What is the remainder when 898 is divided by 53?
50
Calculate the remainder when 1000 is divided by 8.
0
What is the remainder when 684 is divided by 10?
4
What is the remainder when 1941 is divided by 8?
5
What is the remainder when 558 is divided by 125?
58
Calculate the remainder when 31 is divided by 30.
1
Calculate the remainder when 1317 is divided by 5.
2
What is the remainder when 4741 is divided by 1573?
22
Calculate the remainder when 2199 is divided by 71.
69
Calculate the remainder when 1995 is divided by 154.
147
Calculate the remainder when 207 is divided by 39.
12
What is the remainder when 175 is divided by 11?
10
What is the remainder when 24595 is divided by 9?
7
What is the remainder when 1968 is divided by 218?
6
Calculate the remainder when 443 is divided by 16.
11
Calculate the remainder when 404 is divided by 111.
71
What is the remainder when 67 is divided by 19?
10
Calculate the remainder when 2022 is divided by 119.
118
Calculate the remainder when 3335 is divided by 12.
11
Calculate the remainder when 2702 is divided by 11.
7
Calculate the remainder when 96 is divided by 21.
12
Calculate the remainder when 167 is divided by 138.
29
What is the remainder when 479 is divided by 69?
65
What is the remainder when 708 is divided by 31?
26
Calculate the remainder when 1097 is divided by 5.
2
What is the remainder when 1354 is divided by 399?
157
What is the remainder when 69 is divided by 12?
9
What is the remainder when 2993 is divided by 107?
104
Calculate the remainder when 185 is divided by 60.
5
Calculate the remainder when 1342 is divided by 27.
19
What is the remainder when 80 is divided by 42?
38
Calculate the remainder when 347 is divided by 195.
152
What is the remainder when 947 is divided by 19?
16
Calculate the remainder when 63 is divided by 33.
30
What is the remainder when 2316 is divided by 61?
59
Calculate the remainder when 13947 is divided by 16.
11
Calculate the remainder when 22 is divided by 8.
6
Calculate the remainder when 378 is divided by 42.
0
Calculate the remainder when 285 is divided by 103.
79
Calculate the remainder when 1027 is divided by 209.
191
What is the remainder when 3885 is divided by 28?
21
Calculate the remainder when 130 is divided by 19.
16
What is the remainder when 1626 is divided by 24?
18
Calculate the remainder when 7651 is divided by 319.
314
What is the remainder when 1261 is divided by 5?
1
Calculate the remainder when 762 is divided by 98.
76
Calculate the remainder when 178 is divided by 26.
22
Calculate the remainder when 104 is divided by 3.
2
What is the remainder when 3865 is divided by 299?
277
Calculate the remainder when 75 is divided by 23.
6
What is the remainder when 171 is divided by 76?
19
Calculate the remainder when 614 is divided by 77.
75
What is the remainder when 1638 is divided by 19?
4
What is the remainder when 1247 is divided by 298?
55
What is the remainder when 85 is divided by 24?
13
What is the remainder when 1802 is divided by 19?
16
Calculate the remainder when 2472 is divided by 174.
36
Calculate the remainder when 77 is divided by 33.
11
Calculate the remainder when 233 is divided by 9.
8
Calculate the remainder when 778 is divided by 87.
82
Calculate the remainder when 4651 is divided by 99.
97
Calculate the remainder when 857 is divided by 43.
40
What is the remainder when 557 is divided by 82?
65
What is the remainder when 95 is divided by 66?
29
Calculate the remainder when 102 is divided by 32.
6
What is the remainder when 52 is divided by 37?
15
Calculate the remainder when 32 is divided by 18.
14
Calculate the remainder when 155 is divided by 8.
3
What is the remainder when 296 is divided by 60?
56
What is the remainder when 702 is divided by 54?
0
Calculate the remainder when 267 is divided by 140.
127
What is the remainder when 56 is divided by 6?
2
Calculate the remainder when 1651 is divided by 12.
7
Calculate the remainder when 172 is divided by 85.
2
Calculate the remainder when 278 is divided by 49.
33
Calculate the remainder when 634 is divided by 22.
18
What is the remainder when 61 is divided by 60?
1
Calculate the remainder when 182 is divided by 63.
